ime factors of ((-401766)/8)/(-29)*(5 + -1).
3, 2309
Let s = 4671 - -4246. Suppose 17*a = s - 3205. What are the prime factors of a?
2, 3, 7
What are the prime factors of 714*(-240)/(-54) + (-8)/(-12)?
2, 3, 23
Let i = 82 - 82. Suppose 703 = 2*u - i*u + 3*d, 3*u - 1082 = d. What are the prime factors of u?
359
Suppose -93 = -5*j - 373. Let q = 47 + j. What are the prime factors of 4/(-18) - (1487/q - -6)?
3, 53
Let u(c) = -448*c + 318. List the prime factors of u(-5).
2, 1279
Let l = -40 + 56. Suppose -2*m = 2*m - l. Suppose m*h - 4*d + 360 = 9*h, 4*h - 247 = 5*d. List the prime factors of h.
2, 17
Suppose 33*x - 115*x - 78575 = -1250929. List the prime factors of x.
17, 29
Let p be (-4 + 5)*(3 + (-36)/3). Let u(c) = -c**3 - 8*c**2 + 4*c - 3. List the prime factors of u(p).
2, 3, 7
Suppose -86 = -3*a - 50. Suppose 4*z = 2*l - a, -3*l - z + 3*z + 34 = 0. Suppose 4*d - 86 = 2*q, d = 2*d + 2*q - l. What are the prime factors of d?
2, 5
Suppose -f = -g - 2*g + 95820, 3*f + 159692 = 5*g. What are the prime factors of g?
2, 15971
Let j = -897 - -982. What are the prime factors of (-35)/(-14) + j/10*9?
79
Suppose 13*m - 12 = 10*m. Suppose -m*n + 883 - 211 = 0. What are the prime factors of n?
2, 3, 7
Suppose -2*z - 74 + 376 = 0. Suppose h - 344 = z. What are the prime factors of h?
3, 5, 11
Let v = 107 + -113. What are the prime factors of (v/72*177)/((-1)/28)?
7, 59
Let u = -42 - -48. Let z be -1*(-9)/u*2. Let d(n) = 12*n**2 - 2*n - 2. List the prime factors of d(z).
2, 5
Let h(z) = 5*z**3 + 11*z**2 + 3*z + 51. What are the prime factors of h(14)?
3, 5323
Suppose -9*b = -2*b - 588. List the prime factors of 5514/13 - (b/(-91))/(-6).
2, 53
Let d(b) = 8*b - 23. Let g = -153 - -85. Let q = 77 + g. List the prime factors of d(q).
7
Let y(r) = 27*r**2 - 3 + 19*r - 28*r**2 + 6. Suppose -14 - 38 = -4*z. List the prime factors of y(z).
3
Let d(a) = -2*a**3 + a**2 - 4. Suppose -2*f - 4*z - 20 = 0, 3*f - z + 0 = -2. Let b be d(f). What are the prime factors of b/(-12)*(-1350)/12?
2, 3, 5
Let a(b) = 19*b**3 - 10*b**2 - 11*b + 119. List the prime factors of a(9).
37, 353
Let x = -154 - 367. Let m = 767 + x. What are the prime factors of m?
2, 3, 41
Suppose 0*u = -u + 4*v + 32, -3*u + 5*v + 68 = 0. Let c be u/24*(-46 + 1). What are the prime factors of ((-6)/(-5))/((-12)/c)?
3
What are the prime factors of (55472/24)/(4*2/24)?
2, 3467
Let k be ((1 - -5)*2/2)/2. Suppose 0 = 2*o + k*r - 4 - 2, 3*o - 2*r = -4. Let q(n) = 2*n + 126. What are the prime factors of q(o)?
2, 3, 7
Suppose 3*t = -5*b - 96, -t + 68 = -4*b + t. Let r(v) = 4*v**2 - 57*v + 5. Let q be r(4). What are the prime factors of (-1 - 0)*q*(b - -19)?
3, 53
Suppose k + 2 + 6 = -5*u, 0 = 4*u + 3*k + 13. What are the prime factors of u - -2*6/((-24)/(-1438))?
2, 359
Let t(z) be the third derivative of 29*z**5/60 - z**4/24 - 5*z**3/3 - 2*z**2. List the prime factors of t(-3).
2, 127
Suppose 0 = 98*i - 4503093 + 872888 - 3965187. What are the prime factors of i?
2, 7, 173
Suppose t + 23 = 6*t - 2*a, 8 = 4*t + a. Suppose t*v = 2*l - 633, -3*v = -17*l + 16*l + 324. What are the prime factors of l?
3, 103
Let j = 360 + 57. Let x = j + -321. List the prime factors of x.
2, 3
Let g(l) = l**3 - 2*l**2 + 4*l + 3. Let u be g(3). Let f = 54 - u. What are the prime factors of 5/(f/404)*(-9)/(-6)?
101
Let d(o) = 2*o**3 + 9*o**2 + 4*o. Let u be d(-3). What are the prime factors of (u*(-4)/(-48))/(3/780)?
5, 13
Let s be (0/1 - 1)*-78. Suppose 5*u - 285 = 12*j - 17*j, -4*j = -3*u - 200. Let k = s - j. List the prime factors of k.
5
Suppose 2 = 9*h + 11. Let c(g) = -69*g**3 - 2*g - 2. Let w be c(h). List the prime factors of ((1 - w)/2)/(-1).
2, 17
Suppose -3183 = -2*q - 5*b, -4*q - 3*b = -2579 - 3808. List the prime factors of q.
3, 13, 41
What are the prime factors of 16708/4 + (4/1)/4?
2, 2089
Let h(c) = -c**2 - 6*c + 3. Let r be h(-9). List the prime factors of (r/20)/((2/2)/(-210)).
2, 3, 7
Suppose 977541 - 5861132 = -379*u + 6890802. List the prime factors of u.
47, 661
Let l be ((-3)/2)/(6/136). Suppose 341*d = -115 + 11002 + 10937. Let p = d - l. List the prime factors of p.
2, 7
Suppose -2016 = 13*r - 21*r. Suppose -w + r = -61. What are the prime factors of w?
313
Let m(t) = 2*t + 31. Let k be m(-16). Let s be 0/k + (-16)/(-4). Suppose -39 = -w + s. What are the prime factors of w?
43
Let w be 6 + 1 - (0 - -5). Suppose -w*s + 1098 = 2*g + s, 0 = 3*g - 2*s - 1634. List the prime factors of g.
2, 3, 7, 13
Let o = -16534 - -28907. What are the prime factors of o?
12373
Let q = -32462 + 79537. List the prime factors of q.
5, 7, 269
List the prime factors of 1*3 - ((-150917)/507)/((-2)/(-240)).
139, 257
Suppose 0 = -2*d - 4*h - 4, -5*d - 3*h = 1 - 12. Suppose v = 2*b + 810, -d*b - 4338 = -5*v - 282. Suppose 6*g = -v + 2474. List the prime factors of g.
277
Suppose -3*t + 47 = -28. Suppose y + 4*y = -t. List the prime factors of y/(10/4) + (-138)/(-2).
67
Suppose 1541488 - 132256 = 136*z - 4*z. List the prime factors of z.
2, 17, 157
Suppose 13*k + 31800 = 16*k. What are the prime factors of k?
2, 5, 53
Suppose 5*c - 97424 = -2*u, -5*u = -c - u + 19498. What are the prime factors of c?
2, 9743
Let k = 277 + -277. Suppose 0*p + 15*p - 8115 = k. What are the prime factors of p?
541
Suppose 11 = -3*u - 3*j + 5, 5*u - j - 2 = 0. Suppose u = 12*k - 2*k - 900. Let s = 257 - k. What are the prime factors of s?
167
Suppose -18600 - 39688 = -8*x. List the prime factors of x.
2, 3643
Suppose -4*d - 4*w - 187068 = -7*d, -5*w = 4*d - 249393. What are the prime factors of (-275)/95 + 3 - d/(-57)?
2, 547
Let b(g) = -39*g + 34. Let j be b(-12). Suppose 18*q + j = 20*q. What are the prime factors of q?
251
Suppose 2*h = 4*h - 8. Suppose -3*g - 2*g - 3*r = -3433, h*r = -2*g + 1376. List the prime factors of g.
2, 7
Let o = 166 + 459. Suppose 2*w = -3*b + 440, 0*b - 5*w - o = -4*b. What are the prime factors of b?
2, 3, 5
Let f(n) = -n**3 + 9*n**2 + 8*n - 2. Let l be f(7). Let x = -1573 + 1590. Suppose l - x = 3*b. List the prime factors of b.
3, 5
Suppose 5*w + 8181 = m, 111*m = 113*m - 4*w - 16362. List the prime factors of m.
3, 101
Let n(p) = 3*p**2 - 8*p - 737. What are the prime factors of n(142)?
11, 73
Let h = -19339 + 26707. What are the prime factors of h?
2, 3, 307
Let i(s) = 833*s**3 + s**2 - 2*s + 4. Let c be i(2). Suppose -4*j - 5*h = -6652, -6*j - h + c = -2*j. List the prime factors of j.
2, 3, 139
Suppose s = 2*s + 4*x - 8, -19 = -5*s + x. Let c be (3/(-6))/(s/(-24)). What are the prime factors of (10/c)/((-4)/(-30))?
5
Suppose -3*g = 152 - 206. List the prime factors of (-50610)/(-135) + 1/(g/2).
3, 5
List the prime factors of (-4)/22 + ((-37334)/11)/(33/(-474)).
2, 3, 5, 13
Let p = 77 + -71. Let t(k) = 16*k**2 - 4*k - 5. What are the prime factors of t(p)?
547
Let c(z) = z**3 + 19*z**2 - 26*z + 2. Let u be 12/15 - (-28)/(-35). Suppose 3*a - 4*d + 40 = u, 2*a + 3*d = -24 - 31. List the prime factors of c(a).
2, 61
Suppose 0 = -2*t + 13*t. What are the prime factors of (-10)/(-50 + t) - 2028/(-10)?
7, 29
Let k = 194 - 178. Let z(c) = 8*c - 78. List the prime factors of z(k).
2, 5
Let r(c) be the first derivative of -c**4/4 - 14*c**3/3 - 13*c**2 - 44*c - 88. List the prime factors of r(-15).
571
Let i be 25*(-1)/2*2. Let b = -20 - i. Suppose 2*c - 215 + 53 = 4*p, -4*c + 327 = -b*p. What are the prime factors of c?
83
Let o be 1731 - 18/(-3) - 3. Suppose -z - 4*z = -s - o, -4*s + 330 = z. List the prime factors of z.
2, 173
Let q(g) = -g**2 + 13*g + 2803. Let i be q(56). Suppose f = u + 87, -2*f - 4*u - 182 = -4*f. Suppose -2*w + i - f = 0. What are the prime factors of w?
2, 3, 13
Suppose 2*w - 20 - 4 = 0. Suppose -3*t + w = 4*g + 4, 4*g = 4*t + 8. Suppose -4*p + 26 = -2*d, 2*p - 4*d - 9 - 13 = t. List the prime factors of p.
5
Let r(j) = -6*j**3 - 5*j**2 - 4*j - 1. Let t be r(-1). Suppose 91 = t*o - 9. What are the prime factors of o?
5
Let x be 21/(588/160) + (-2)/(-7). Suppose 5*a - 3698 - 2862 = -5*y, x = -2*y. What are the prime factors of a?
5, 263
Let r(b) = -30*b + 20. Let k be r(5). Let l = -137 + -124. Let g = k - l. What are the prime factors of g?
131
Suppose 3*q = 2*q + 21. Suppose 291 - 11 = 5*a - r, 2*a - 112 = -2*r. Suppose -q*l + 20*l = -a. What are the prime factors of l?
2, 7
Suppose -3*m = 0, -